g/(-42)). What is the greatest common factor of s and l?
22
Suppose 0*i - 6682 - 11266 = -7*i. What is the greatest common factor of i and 4?
4
Let b = -24 + 46. Let m(o) be the third derivative of -o**4/12 + 61*o**3/6 - 113*o**2 - 2*o. Let p be m(25). What is the greatest common divisor of b and p?
11
Let z(u) = 3*u**2 + 502*u + 1751. Let y be z(-164). What is the highest common divisor of y and 312?
3
Let q = -65 - -72. Let v(j) = j**3 - 7*j**2 + j + 18. Let t be v(q). Calculate the highest common factor of t and 5.
5
Let w be ((-24)/(-9))/((-2)/(-255)). Let k(o) = -2*o**2 + 268*o - 1999. Let y be k(8). Calculate the highest common divisor of w and y.
17
Suppose -395 = -6*a + 115. Suppose 84*w = a*w - 1. Let f = 40 - 29. Calculate the highest common factor of f and w.
1
Suppose -5*i + 17 = -3. Suppose -i*j + 2*j + 88 = 0. Let s be ((-195)/26)/(6/(-88)). What is the greatest common factor of s and j?
22
Suppose r + 112 = 2*h - r, r + 3 = 0. Let p = 134 - h. Calculate the highest common divisor of p and 54.
27
Let w(r) = 2*r**2 - 8*r + 24. Let o be w(8). Suppose -140 = o*k - 93*k. What is the greatest common factor of 840 and k?
28
Let b be -1 + 7 - (-27)/(-9) - -179. Let q = 215 + -202. What is the highest common factor of q and b?
13
Let n(f) = 949*f**2 - 7*f - 1. Let c be n(2). Suppose c = 10*z - 59. Calculate the greatest common divisor of 24 and z.
24
Suppose i - v = -2 + 7, -2*i - 2*v + 30 = 0. Let c be 8636/20 + 2/i. Suppose -8*a = -2*a - c. Calculate the greatest common factor of 8 and a.
8
Suppose 11 + 10 = -4*j + c, 5*j + 39 = -3*c. Let r be (4/(-5))/(j/2025). Let s be 21 + -5 + 13 - -1. Calculate the greatest common factor of s and r.
30
Let g be 5 - (-12)/6 - (1 - -1). Let y(a) = -a**3 + 5*a**2 + 3*a - 4. Let u be y(g). Let s = 47 - 25. Calculate the highest common factor of u and s.
11
Suppose 0 = 4*t + q - 81, t - 43*q + 45*q = 8. Suppose 4*v + 0*v = 20. Suppose v*z = 211 + 339. What is the greatest common divisor of t and z?
22
Let s = 32805 + -17040. What is the highest common factor of s and 30?
15
Let q = -5742 + 5753. Calculate the highest common divisor of 21131 and q.
11
Let w(g) = -g + 70. Let m be w(26). Let j = -23 + 25. Suppose -5*r = -2*t + 34, j*t - 4*r + 12 - m = 0. What is the highest common factor of t and 3?
3
Suppose 334*r - 332*r = 155 + 409. What is the highest common divisor of r and 7473?
141
Let i = -222 + 224. Suppose -3*y = -i*d + 10 + 24, y = -d + 12. Calculate the greatest common factor of d and 224.
14
Let h be (-2741)/(-3) + 2/(-3). What is the greatest common factor of h and 99?
11
Let w(z) = -13*z**2 + 1671*z + 29. Let g be w(126). What is the greatest common divisor of g and 106?
53
Suppose -3*c = -5*v + 87 - 29, -4*c - 2*v - 34 = 0. Let r = c - -9. Let t be (-10377)/(-99) - r*(-2)/(-22). Calculate the highest common divisor of t and 21.
21
Let g(y) = 3*y + 1. Let a be g(3). Let c = 467 - 607. Let n be (-1295)/c - (-6)/8. What is the highest common factor of a and n?
10
Let g = -2253 - -2528. Calculate the greatest common divisor of 561 and g.
11
Suppose 0 = m - 4*b + 32, 4*m - 14 = 6*m + 2*b. Let g be -6*30/54*m. Calculate the greatest common factor of g and 30.
10
Let y(h) = 23 - 3*h - 34 + 2*h. Let k be y(-19). Calculate the greatest common divisor of 2 and k.
2
Suppose 2*d = 4*h - h - 33, -5*h + 36 = 3*d. Let p(r) = 21*r**2 - 2*r - 2. Let c be p(-4). Let t = -333 + c. Calculate the greatest common divisor of h and t.
9
Let v = -326 - -326. Suppose -4*r - 3 + 51 = v. What is the highest common divisor of 132 and r?
12
Let f(w) = -69*w - 183. Let p be f(-3). What is the greatest common divisor of 696 and p?
24
Suppose -t = -z - 0*z - 13, -z = 1. Suppose 2 + t = 7*f. Suppose f + 5 = d. What is the highest common factor of 14 and d?
7
Let x(w) = w**2 + 9*w + 3. Let q be x(-8). Let k be (-10)/(-8) - (189/(-12) + 4). Let g = q + k. What is the highest common factor of 112 and g?
8
Let d = -144 - -144. Suppose -12*z + d*z = -108. Suppose 6*l = z*l - 12. What is the highest common divisor of l and 1?
1
Suppose 9 = -4*s - 11, s = -t + 1. Suppose 17698 = -19*u + 192*u - 43544. Calculate the greatest common factor of t and u.
6
Let b(x) = 3*x**2 - 2*x - 17. Let v be b(-6). Let i = v - 103. Suppose i = 4*w + f - 25, -5*w + 10*w - 41 = 2*f. What is the greatest common factor of 21 and w?
7
Let c(m) = -97*m + m**3 - 184*m**2 + 33 + 377*m**2 - 178*m**2. Let p be c(-19). Calculate the highest common factor of p and 54.
54
Suppose 53 = 2*p - 83. Suppose -4*o + p - 4 = 0. Let j(x) = 4*x**2 + x + 6. Let s be j(-6). Calculate the greatest common factor of s and o.
16
Suppose -5*n - 4*f = -7 + 57, -3*n = 4*f + 30. Let r be 266/(-5*4/n). Calculate the greatest common divisor of 76 and r.
19
Suppose -14*m = -18*m + 512. Let q(c) = 24*c + 280. Let x be q(-11). Calculate the greatest common factor of m and x.
16
Let s be ((-1)/10)/(7/(-70)) + 2531. What is the greatest common factor of s and 36?
12
Let o = 712 + -702. What is the highest common factor of o and 124?
2
Suppose -j - 5*x - 156 = 30, 0 = 5*j - 3*x + 986. Let h = j - -203. What is the greatest common divisor of h and 203?
7
Suppose 154 = -4*f - l + 33, 111 = -4*f + l. Let c be -1 + -11 - 8 - -7. Let k = c - f. Calculate the highest common divisor of k and 4.
4
Suppose 3*g + y + 156 = 734, 5*y = -4*g + 745. What is the highest common factor of 130 and g?
65
Let x = -3 + 1. Let k be ((-3)/x)/((-15)/(-80)). Suppose -u = -4*n + 13 + 19, 7*n - 5*u - 56 = 0. What is the highest common divisor of n and k?
8
Let t = -557 + 385. Let j be -5 + (-120)/(-25) + t/(-10). Suppose 2*p - 186 = -3*z + 67, 0 = -3*p - 3*z + 372. Calculate the highest common factor of p and j.
17
Suppose 0 = -5*x - 10, -4*x = 3*u - 3958 + 366. Calculate the highest common divisor of u and 13440.
240
Suppose -2 = -5*q + 3. Let g be (130/4)/(q/2). Suppose -3*w = n - 13, -10*n + 28 = 5*w + 23. What is the highest common factor of g and w?
5
Let x(o) = -256*o - 381. Let u be x(-12). Calculate the greatest common factor of u and 78.
39
Let b(g) = -g**3 - 10*g**2 + 21*g + 34. Let y be b(-10). Let o = -171 - y. Let n = 12 - 7. What is the highest common divisor of o and n?
5
Let z(n) = -3*n**3 + 61*n**2 - 67*n - 51. Let g be z(19). Let b(a) = 159*a + 1. Let w be b(1). What is the highest common factor of g and w?
40
Let m(t) = 7*t**3 - 6*t**2 + 4*t - 3. Let q be m(3). Calculate the highest common divisor of 1176 and q.
24
Let k = -4 - -9. Let n be (135/(-12))/(4*15/(-320)). Suppose u = k*f + 29 - 74, -2*u + n = 5*f. What is the highest common divisor of 40 and f?
10
Suppose -6*m + 7*m - 31*m + 16080 = 0. Calculate the highest common divisor of m and 938.
134
Let a = 700 + -1027. Let r = a + 360. What is the highest common divisor of r and 759?
33
Let g = -2991 - -2998. Let c be (-4)/(-2) + (-3 - -3). Suppose 2 + c = 4*f. Calculate the greatest common divisor of f and g.
1
Suppose -71 = -y + 7*d - 2*d, -y = 3*d - 111. Let o = -85 + y. Suppose -13*a = -o*a - 28. Calculate the highest common divisor of 21 and a.
7
Let y be (-20)/(-130) - (-14155)/13. Suppose 12*z + y = z. Let t = z - -106. Calculate the greatest common factor of t and 28.
7
Let v(r) = 22*r**2 + 72*r - 3. Let g(t) = -65*t**2 - 217*t + 10. Let u(j) = -4*g(j) - 11*v(j). Let b be u(-5). What is the highest common divisor of 77 and b?
7
Let a be 4 + (-4 - (-6 - -4)). Suppose j - a*j + 95 = 0. Suppose m - 34 = -2*i, -m + 6*m = 5*i + j. What is the greatest common factor of 16 and m?
8
Suppose 5*i = 5*w + 215, -2*w = 4*i - 160 + 30. Calculate the greatest common factor of 44 and i.
4
Suppose 2*k + 5*o = 136 - 14, -206 = -3*k + 4*o. Suppose -38 - 22 = 3*t. Let l be (k/(-4))/(5/t). What is the greatest common factor of l and 6?
6
Suppose 0 = 4*a - 134 - 146. Let d(s) = s**2 - 7*s + 1. Let u be d(9). Suppose -8*f + 61 = -u. Calculate the highest common factor of a and f.
10
Let k = -442 - -438. Let b be 3 - (k - (3 + (-720)/(-4))). Calculate the highest common divisor of 20 and b.
10
Let o(k) = -k**2 - 126*k - 711. Let r be o(-6). Let u = -4 - -26. Let p = u + -4. What is the highest common divisor of r and p?
9
Suppose -268 - 964 = -0*a - 14*a. Calculate the highest common factor of 957 and a.
11
Suppose m - 44 = 5*i, i - 4*m + 1 = -4. Let s 